highest common divisor of 1199130 and 30?
30
Calculate the greatest common divisor of 140502 and 30.
6
What is the greatest common factor of 5819 and 187?
11
What is the greatest common factor of 249 and 309?
3
Calculate the greatest common factor of 16 and 392552.
8
What is the highest common divisor of 450 and 130450?
50
Calculate the greatest common divisor of 62460 and 684.
36
What is the highest common factor of 30729 and 3?
3
What is the highest common factor of 5928 and 168264?
456
Calculate the highest common factor of 607 and 3577051.
607
Calculate the greatest common factor of 748 and 193868.
68
What is the greatest common divisor of 223614 and 12120?
606
Calculate the greatest common factor of 54000 and 528.
48
What is the greatest common factor of 24312 and 9?
3
Calculate the highest common divisor of 2277 and 31464.
207
What is the greatest common divisor of 70 and 24460?
10
Calculate the greatest common divisor of 4837995 and 54.
27
What is the greatest common factor of 938 and 25862?
134
Calculate the greatest common divisor of 1793 and 451.
11
What is the greatest common divisor of 59216 and 112?
16
Calculate the highest common factor of 756 and 2076.
12
What is the highest common divisor of 342672 and 1089?
363
What is the greatest common divisor of 1455 and 54611?
97
Calculate the greatest common factor of 895 and 636703.
179
What is the greatest common factor of 68 and 2598348?
68
Calculate the highest common factor of 1075275 and 590.
295
What is the highest common factor of 367660 and 32?
4
Calculate the greatest common divisor of 2224 and 58519.
139
What is the greatest common factor of 742 and 20670?
106
Calculate the highest common divisor of 2119 and 767.
13
What is the greatest common factor of 1264125 and 375?
375
What is the highest common divisor of 415688 and 280?
56
What is the highest common factor of 2280 and 394960?
40
What is the greatest common factor of 266 and 18221?
133
Calculate the greatest common factor of 12699 and 621.
9
What is the greatest common divisor of 11825 and 396?
11
Calculate the greatest common divisor of 2442 and 38676.
66
Calculate the greatest common divisor of 1 and 91477.
1
Calculate the highest common divisor of 890 and 160.
10
What is the highest common factor of 4 and 2193604?
4
What is the greatest common divisor of 125344 and 64?
32
Calculate the greatest common factor of 1068 and 43610.
178
What is the greatest common factor of 105 and 930195?
105
What is the greatest common divisor of 22644 and 99?
9
What is the highest common divisor of 477 and 17437?
53
What is the greatest common factor of 28 and 103481?
7
What is the greatest common factor of 931 and 1519?
49
What is the greatest common divisor of 191 and 276377?
191
Calculate the highest common divisor of 70 and 22430.
10
Calculate the greatest common divisor of 127600 and 6400.
400
Calculate the highest common divisor of 405 and 3063.
3
Calculate the greatest common divisor of 150 and 4070.
10
What is the highest common factor of 348 and 14940?
12
What is the highest common divisor of 30075 and 1425?
75
What is the highest common factor of 414491 and 14?
7
Calculate the greatest common factor of 607130 and 436.
218
What is the highest common factor of 233752 and 56?
8
Calculate the highest common factor of 10179 and 4482.
27
What is the highest common divisor of 445 and 205?
5
Calculate the greatest common divisor of 1032 and 21629.
43
What is the greatest common factor of 138304 and 256?
64
What is the highest common divisor of 86798 and 4?
2
Calculate the greatest common factor of 8092 and 4.
4
What is the greatest common divisor of 2765 and 855175?
395
What is the highest common divisor of 6 and 1427280?
6
Calculate the highest common factor of 142 and 266747.
71
Calculate the greatest common factor of 42562 and 130.
26
Calculate the greatest common factor of 1311 and 7498.
23
What is the greatest common divisor of 385 and 17831?
11
Calculate the highest common divisor of 2014 and 1387.
19
Calculate the highest common divisor of 3315119 and 289.
289
Calculate the greatest common factor of 45999 and 2736.
171
What is the greatest common factor of 2771 and 38957?
163
What is the highest common factor of 13 and 971867?
13
Calculate the highest common divisor of 37631 and 968.
121
Calculate the highest common factor of 7150 and 198.
22
What is the greatest common divisor of 1161 and 40506?
129
Calculate the greatest common divisor of 267504 and 48.
48
Calculate the highest common divisor of 2250 and 50400.
450
Calculate the greatest common divisor of 3 and 71592.
3
What is the greatest common divisor of 27760 and 1840?
80
What is the highest common divisor of 40 and 1928408?
8
What is the highest common factor of 12 and 93036?
12
What is the greatest common factor of 7375 and 2065?
295
Calculate the highest common factor of 4185 and 56451.
93
What is the greatest common factor of 147 and 441539?
49
What is the highest common factor of 2124 and 40806?
18
Calculate the greatest common divisor of 10944 and 2112.
192
Calculate the highest common divisor of 3222410 and 790.
790
What is the greatest common divisor of 275 and 14410?
55
Calculate the highest common factor of 1349 and 2603.
19
Calculate the greatest common divisor of 22888 and 64.
8
What is the highest common factor of 37030 and 8510?
230
What is the greatest common divisor of 8667 and 9396?
81
Calculate the greatest common divisor of 2124 and 18.
18
What is the greatest common divisor of 4267 and 1207?
17
Calculate the greatest common divisor of 483 and 31740.
69
Calculate the greatest common divisor of 51 and 95421.
51
Calculate the highest common divisor of 1525 and 4.
1
Calculate the highest common divisor of 29 and 250705.
29
What is the highest common divisor of 6050 and 625?
25
Calculate the greatest common factor of 5 and 1179.
1
What is the greatest common divisor of 453871 and 341?
341
What is the greatest common divisor of 2320 and 560?
80
Calculate the greatest common divisor of 74 and 11137.
37
Calculate the greatest common factor of 2490888 and 12.
12
What is the highest common divisor of 54 and 696060?
54
What is the greatest common divisor of 682370 and 13?
13
What is the highest common divisor of 8 and 56968?
8
What is the highest common factor of 3575 and 1100?
275
Calculate the greatest common factor of 2652 and 57408.
156
What is the highest common factor of 3572 and 1159?
19
Calculate the greatest common divisor of 183750 and 11270.
490
Calculate the highest common divisor of 2291 and 274891.
29
Calculate the greatest common divisor of 4544 and 12224.
64
Calculate the greatest common divisor of 416 and 287552.
32
Calculate the greatest common divisor of 17186 and 1534.
26
What is the highest common divisor of 90 and 54072?
18
What is the highest common divisor of 10125 and 765?
45
What is the highest common divisor of 8695 and 20350?
185
What is the greatest common divisor of 33539 and 187?
11
Calculate the highest common divisor of 11426 and 1566.
58
What is the highest common divisor of 894483 and 8019?
729
What is the greatest common factor of 2583 and 97047?
369
Calculate the greatest common factor of 9135 and 20160.
315
Calculate the highest common divisor of 674426 and 4.
2
Calculate the highest common factor of 9073 and 9917.
211
What is the highest common factor of 49345 and 18765?
695
Calculate the highest common factor of 1647766 and 207.
23
Calculate the greatest common divisor of 23416 and 44.
4
What is the highest common divisor of 374 and 159038?
22
What is the greatest common divisor of 279117 and 18?
9
Calculate the highest common factor of 9423 and 8991.
27
What is the greatest common factor of 462968 and 264?
88
What is the greatest common factor of 126 and 266?
14
What is the highest common divisor of 2128 and 78960?
112
What is the highest common factor of 636152 and 66?
22
What is the greatest common factor of 1922 and 27962?
62
Calculate the greatest common divisor of 1716 and 10692.
132
Calculate the greatest common factor of 35 and 6496.
7
Calculate the greatest common divisor of 60400 and 7399.
151
Calculate the highest common factor of 19880 and 20440.
280
Calculate the greatest common divisor of 2576756 and 112.